when 32057544 is divided by 11860?
11824
What is the remainder when 1573776 is divided by 612?
324
What is the remainder when 2176290 is divided by 41848?
194
Calculate the remainder when 77744 is divided by 5163.
299
What is the remainder when 4802 is divided by 1872?
1058
What is the remainder when 33132955 is divided by 23992?
3
What is the remainder when 214047 is divided by 1648?
1455
What is the remainder when 3179843 is divided by 99?
62
Calculate the remainder when 25981494 is divided by 60.
54
Calculate the remainder when 622756 is divided by 2857.
2787
Calculate the remainder when 3070940 is divided by 65339.
7
Calculate the remainder when 64401 is divided by 1164.
381
What is the remainder when 1866719 is divided by 225?
119
Calculate the remainder when 4511159 is divided by 88453.
56
Calculate the remainder when 104385925 is divided by 62.
59
Calculate the remainder when 946093 is divided by 1097.
479
What is the remainder when 183539263 is divided by 265?
263
Calculate the remainder when 15359810 is divided by 636.
410
Calculate the remainder when 536540 is divided by 4353.
1121
What is the remainder when 273681 is divided by 1?
0
What is the remainder when 2151633 is divided by 127?
126
What is the remainder when 12745562 is divided by 1013?
1009
What is the remainder when 210931217 is divided by 283?
280
Calculate the remainder when 145667 is divided by 1185.
1097
What is the remainder when 18086079 is divided by 1278?
1101
What is the remainder when 26925152 is divided by 44?
12
Calculate the remainder when 6081286 is divided by 12643.
3
Calculate the remainder when 114182 is divided by 113500.
682
What is the remainder when 22787217 is divided by 1386?
1377
What is the remainder when 219890 is divided by 109620?
650
Calculate the remainder when 1367985 is divided by 3000.
2985
Calculate the remainder when 559943344 is divided by 65.
64
What is the remainder when 37006 is divided by 31453?
5553
Calculate the remainder when 137233206 is divided by 439850.
6
What is the remainder when 362317 is divided by 3352?
301
Calculate the remainder when 2731458 is divided by 348.
6
What is the remainder when 398021686 is divided by 778?
776
What is the remainder when 691758 is divided by 1558?
6
Calculate the remainder when 6946424 is divided by 26717.
4
Calculate the remainder when 50912320 is divided by 77.
74
What is the remainder when 2699446 is divided by 241?
5
Calculate the remainder when 584826 is divided by 1253.
928
Calculate the remainder when 438978 is divided by 54871.
10
What is the remainder when 1950850 is divided by 10?
0
What is the remainder when 9771649 is divided by 456?
25
Calculate the remainder when 46260712 is divided by 29.
28
What is the remainder when 11929389 is divided by 119?
115
What is the remainder when 8118898 is divided by 135?
133
What is the remainder when 73081712 is divided by 54?
2
Calculate the remainder when 112360 is divided by 3854.
594
What is the remainder when 2961101 is divided by 113888?
13
What is the remainder when 353356 is divided by 170?
96
What is the remainder when 2996272 is divided by 2122?
8
Calculate the remainder when 17623801 is divided by 44.
41
What is the remainder when 481101 is divided by 160326?
123
What is the remainder when 303166 is divided by 27?
10
Calculate the remainder when 304417 is divided by 10146.
37
What is the remainder when 6187348 is divided by 741?
739
Calculate the remainder when 112506 is divided by 1090.
236
Calculate the remainder when 255960 is divided by 50703.
2445
Calculate the remainder when 27401603 is divided by 2811.
2786
Calculate the remainder when 14439 is divided by 2382.
147
What is the remainder when 39368 is divided by 18995?
1378
What is the remainder when 5040935 is divided by 521?
260
What is the remainder when 1155974 is divided by 221?
144
Calculate the remainder when 972584 is divided by 5163.
1940
Calculate the remainder when 5083326 is divided by 719.
715
What is the remainder when 46855209 is divided by 3619?
16
What is the remainder when 135178 is divided by 632?
562
What is the remainder when 690377 is divided by 310?
7
What is the remainder when 608144 is divided by 1448?
1432
Calculate the remainder when 1185170 is divided by 1184841.
329
Calculate the remainder when 31380 is divided by 692.
240
Calculate the remainder when 2594786 is divided by 269.
12
Calculate the remainder when 5867311 is divided by 84.
79
What is the remainder when 43162 is divided by 1987?
1435
Calculate the remainder when 178354 is divided by 1100.
154
What is the remainder when 16083342 is divided by 874?
868
What is the remainder when 965785635 is divided by 23?
18
What is the remainder when 11778633 is divided by 506?
471
What is the remainder when 222804872 is divided by 358784?
8
What is the remainder when 122129 is divided by 689?
176
Calculate the remainder when 20891969 is divided by 706.
17
Calculate the remainder when 3255135 is divided by 2330.
125
Calculate the remainder when 89169 is divided by 44191.
787
Calculate the remainder when 164859 is divided by 7538.
6561
What is the remainder when 23666688 is divided by 27?
0
Calculate the remainder when 7534354 is divided by 43.
23
What is the remainder when 1554419 is divided by 11346?
17
Calculate the remainder when 3412033 is divided by 983.
40
Calculate the remainder when 107140963 is divided by 71.
46
What is the remainder when 37582 is divided by 171?
133
Calculate the remainder when 438292 is divided by 79.
0
What is the remainder when 16332803 is divided by 14?
11
Calculate the remainder when 128455623 is divided by 166.
9
Calculate the remainder when 624880 is divided by 3810.
40
Calculate the remainder when 12119 is divided by 4043.
4033
What is the remainder when 1140847 is divided by 1140517?
330
What is the remainder when 9911727 is divided by 52?
7
What is the remainder when 682207 is divided by 817?
12
Calculate the remainder when 731077 is divided by 182760.
37
Calculate the remainder when 14658 is divided by 13513.
1145
Calculate the remainder when 184319803 is divided by 96100.
3
What is the remainder when 62002961 is divided by 17?
0
What is the remainder when 735598 is divided by 224?
206
What is the remainder when 168095 is divided by 1475?
1420
What is the remainder when 31747918 is divided by 6?
4
What is the remainder when 6703400 is divided by 3351653?
94
Calculate the remainder when 241095 is divided by 99.
30
Calculate the remainder when 18205784 is divided by 1537.
19
Calculate the remainder when 14085 is divided by 880.
5
What is the remainder when 16121054 is divided by 4866?
4862
What is the remainder when 2315449 is divided by 165379?
143
What is the remainder when 5877978 is divided by 79?
62
Calculate the remainder when 493428 is divided by 1908.
1164
What is the remainder when 3299514 is divided by 39?
36
What is the remainder when 158674597 is divided by 3721?
3715
Calculate the remainder when 277157431 is divided by 941.
937
What is the remainder when 3373949 is divided by 253?
194
What is the remainder when 7579862 is divided by 54?
44
Calculate the remainder when 7324723 is divided by 1831149.
127
What is the remainder when 6473270 is divided by 1839?
1829
What is the remainder when 254890797 is divided by 103?
96
What is the remainder when 2893015 is divided by 1340?
1295
What is the remainder when 2767030 is divided by 233?
155
Calculate the remainder when 48378 is divided by 403.
18
What is the remainder when 68732370 is divided by 35?
0
What is the remainder when 17371312 is divided by 51?
49
What is the remainder when 139411 is divided by 475?
236
What is the remainder when 20784852 is divided by 10392384?
84
What is the remainder when 254125 is divided by 629?
9
Calculate the remainder when 1096181 is divided by 182667.
179
What is the remainder when 10466342 is divided by 31?
29
What is the remainder when 121155 is divided by 5031?
411
Calculate the remainder when 29413874 is divided by 47.
5
Calculate the remainder when 693772 is divided by 693756.
16
What is the remainder when 166844 is divided by 83354?
136
Calculate the remainder when 1195690 is divided by 4123.
20
What is the remainder when 49224 is divided by 4075?
324
Calculate the rem